{"id":13654,"date":"2021-08-05T13:50:59","date_gmt":"2021-08-05T11:50:59","guid":{"rendered":"https:\/\/www.torbice.eu\/?post_type=product&#038;p=13654"},"modified":"2021-12-13T19:54:14","modified_gmt":"2021-12-13T18:54:14","slug":"nahrbtnik-clancer-beige","status":"publish","type":"product","link":"https:\/\/www.torbice.eu\/hr\/izdelek\/nahrbtnik-clancer-beige\/","title":{"rendered":"Nahrbtnik Clancer beige"},"content":{"rendered":"<h1>\u201eTale nahrbtnik vas bo prepri\u010dal, da nahrbtniki niso povezani le s \u0161portnim slogom, ampak tudi z elegantnim.&#8221;<\/h1>\n<h4>Popolnoma se ujamem z oblekami in krili. Prav tako bi rad dodal, da sem neverjetno prakti\u010den.<\/h4>\n<ul>\n<li>2 glavna predala in en majhen predal z zadrgo<\/li>\n<li>Re\u017ea za slu\u0161alke<\/li>\n<li>Nastavljive naramnice<\/li>\n<li>Lahko se nosi na ve\u010d na\u010dinov<\/li>\n<\/ul>\n<p><img decoding=\"async\" class=\"alignnone size-thumbnail wp-image-13661\" src=\"https:\/\/www.torbice.eu\/wp-content\/uploads\/2021\/08\/7639-150x150.jpg\" alt=\"\" width=\"150\" height=\"150\" srcset=\"https:\/\/www.torbice.eu\/wp-content\/uploads\/2021\/08\/7639-150x150.jpg 150w, https:\/\/www.torbice.eu\/wp-content\/uploads\/2021\/08\/7639-300x300.jpg 300w, https:\/\/www.torbice.eu\/wp-content\/uploads\/2021\/08\/7639-800x800.jpg 800w, https:\/\/www.torbice.eu\/wp-content\/uploads\/2021\/08\/7639-768x768.jpg 768w, https:\/\/www.torbice.eu\/wp-content\/uploads\/2021\/08\/7639-510x510.jpg 510w, https:\/\/www.torbice.eu\/wp-content\/uploads\/2021\/08\/7639-100x100.jpg 100w, https:\/\/www.torbice.eu\/wp-content\/uploads\/2021\/08\/7639-60x60.jpg 60w, https:\/\/www.torbice.eu\/wp-content\/uploads\/2021\/08\/7639-90x90.jpg 90w, https:\/\/www.torbice.eu\/wp-content\/uploads\/2021\/08\/7639.jpg 1024w\" sizes=\"(max-width: 150px) 100vw, 150px\" \/><\/p>\n","protected":false},"excerpt":{"rendered":"<p>\u201eTale nahrbtnik vas bo prepri\u010dal, da nahrbtniki niso povezani le s \u0161portnim slogom, ampak tudi z elegantnim.&#8221; Popolnoma se ujamem z oblekami in krili. Prav tako bi rad dodal, da sem neverjetno prakti\u010den. 2 glavna predala in en majhen predal z zadrgo Re\u017ea za slu\u0161alke Nastavljive naramnice Lahko se nosi na ve\u010d na\u010dinov<\/p>\n","protected":false},"featured_media":13659,"comment_status":"open","ping_status":"closed","template":"","meta":[],"product_brand":[],"product_cat":[22],"product_tag":[],"yst_prominent_words":[],"class_list":{"0":"post-13654","1":"product","2":"type-product","3":"status-publish","4":"has-post-thumbnail","6":"product_cat-nahrbtniki","8":"first","9":"instock","10":"taxable","11":"shipping-taxable","12":"purchasable","13":"product-type-simple"},"_links":{"self":[{"href":"https:\/\/www.torbice.eu\/hr\/wp-json\/wp\/v2\/product\/13654","targetHints":{"allow":["GET"]}}],"collection":[{"href":"https:\/\/www.torbice.eu\/hr\/wp-json\/wp\/v2\/product"}],"about":[{"href":"https:\/\/www.torbice.eu\/hr\/wp-json\/wp\/v2\/types\/product"}],"replies":[{"embeddable":true,"href":"https:\/\/www.torbice.eu\/hr\/wp-json\/wp\/v2\/comments?post=13654"}],"wp:featuredmedia":[{"embeddable":true,"href":"https:\/\/www.torbice.eu\/hr\/wp-json\/wp\/v2\/media\/13659"}],"wp:attachment":[{"href":"https:\/\/www.torbice.eu\/hr\/wp-json\/wp\/v2\/media?parent=13654"}],"wp:term":[{"taxonomy":"product_brand","embeddable":true,"href":"https:\/\/www.torbice.eu\/hr\/wp-json\/wp\/v2\/product_brand?post=13654"},{"taxonomy":"product_cat","embeddable":true,"href":"https:\/\/www.torbice.eu\/hr\/wp-json\/wp\/v2\/product_cat?post=13654"},{"taxonomy":"product_tag","embeddable":true,"href":"https:\/\/www.torbice.eu\/hr\/wp-json\/wp\/v2\/product_tag?post=13654"},{"taxonomy":"yst_prominent_words","embeddable":true,"href":"https:\/\/www.torbice.eu\/hr\/wp-json\/wp\/v2\/yst_prominent_words?post=13654"}],"curies":[{"name":"wp","href":"https:\/\/api.w.org\/{rel}","templated":true}]}}

<h1>„Tale nahrbtnik vas bo prepričal, da nahrbtniki niso povezani le s športnim slogom, ampak tudi z elegantnim.&#8221;</h1>
<h4>Popolnoma se ujamem z oblekami in krili. Prav tako bi rad dodal, da sem neverjetno praktičen.</h4>
<ul>
<li>2 glavna predala in en majhen predal z zadrgo</li>
<li>Reža za slušalke</li>
<li>Nastavljive naramnice</li>
<li>Lahko se nosi na več načinov</li>
</ul>
<p><img decoding="async" class="alignnone size-thumbnail wp-image-13661" src="https://www.torbice.eu/wp-content/uploads/2021/08/7639-150x150.jpg" alt="" width="150" height="150" srcset="https://www.torbice.eu/wp-content/uploads/2021/08/7639-150x150.jpg 150w, https://www.torbice.eu/wp-content/uploads/2021/08/7639-300x300.jpg 300w, https://www.torbice.eu/wp-content/uploads/2021/08/7639-800x800.jpg 800w, https://www.torbice.eu/wp-content/uploads/2021/08/7639-768x768.jpg 768w, https://www.torbice.eu/wp-content/uploads/2021/08/7639-510x510.jpg 510w, https://www.torbice.eu/wp-content/uploads/2021/08/7639-100x100.jpg 100w, https://www.torbice.eu/wp-content/uploads/2021/08/7639-60x60.jpg 60w, https://www.torbice.eu/wp-content/uploads/2021/08/7639-90x90.jpg 90w, https://www.torbice.eu/wp-content/uploads/2021/08/7639.jpg 1024w" sizes="(max-width: 150px) 100vw, 150px" /></p>

<p>„Tale nahrbtnik vas bo prepričal, da nahrbtniki niso povezani le s športnim slogom, ampak tudi z elegantnim.&#8221; Popolnoma se ujamem z oblekami in krili. Prav tako bi rad dodal, da sem neverjetno praktičen. 2 glavna predala in en majhen predal z zadrgo Reža za slušalke Nastavljive naramnice Lahko se nosi na več načinov</p>
